the units digit of 704?
4
What is the tens digit of 2159?
5
What is the units digit of 44721?
1
What is the thousands digit of 1818?
1
What is the tens digit of 1308?
0
What is the units digit of 506?
6
What is the tens digit of 1174?
7
What is the hundreds digit of 4536?
5
What is the hundreds digit of 6028?
0
What is the tens digit of 2027?
2
What is the thousands digit of 89832?
9
What is the units digit of 5038?
8
What is the thousands digit of 114803?
4
What is the thousands digit of 6485?
6
What is the hundreds digit of 170951?
9
What is the tens digit of 11939?
3
What is the hundreds digit of 1486?
4
What is the units digit of 4622?
2
What is the hundreds digit of 2000?
0
What is the tens digit of 68712?
1
What is the tens digit of 31?
3
What is the thousands digit of 24079?
4
What is the ten thousands digit of 33828?
3
What is the tens digit of 6654?
5
What is the units digit of 968?
8
What is the units digit of 26885?
5
What is the units digit of 14044?
4
What is the tens digit of 4128?
2
What is the tens digit of 25148?
4
What is the tens digit of 360?
6
What is the units digit of 1508?
8
What is the units digit of 632?
2
What is the units digit of 97?
7
What is the thousands digit of 53295?
3
What is the thousands digit of 22806?
2
What is the tens digit of 1846?
4
What is the ten thousands digit of 12609?
1
What is the hundreds digit of 11420?
4
What is the ten thousands digit of 13100?
1
What is the tens digit of 16646?
4
What is the hundreds digit of 7133?
1
What is the tens digit of 7210?
1
What is the units digit of 46468?
8
What is the units digit of 1532?
2
What is the hundreds digit of 13968?
9
What is the hundreds digit of 2846?
8
What is the ten thousands digit of 12459?
1
What is the thousands digit of 17152?
7
What is the thousands digit of 8709?
8
What is the tens digit of 2031?
3
What is the units digit of 862?
2
What is the tens digit of 41472?
7
What is the units digit of 46?
6
What is the ten thousands digit of 10285?
1
What is the hundreds digit of 56165?
1
What is the units digit of 1403?
3
What is the thousands digit of 1232?
1
What is the units digit of 469?
9
What is the tens digit of 252?
5
What is the units digit of 394?
4
What is the hundreds digit of 90445?
4
What is the units digit of 2076?
6
What is the hundreds digit of 32924?
9
What is the thousands digit of 16482?
6
What is the tens digit of 10174?
7
What is the hundreds digit of 45025?
0
What is the units digit of 211?
1
What is the units digit of 733?
3
What is the hundreds digit of 89422?
4
What is the hundreds digit of 185?
1
What is the tens digit of 1700?
0
What is the units digit of 41315?
5
What is the units digit of 45?
5
What is the units digit of 2130?
0
What is the hundreds digit of 14876?
8
What is the thousands digit of 1318?
1
What is the units digit of 365?
5
What is the tens digit of 103913?
1
What is the ten thousands digit of 14386?
1
What is the hundreds digit of 3593?
5
What is the units digit of 24212?
2
What is the ten thousands digit of 46790?
4
What is the tens digit of 164098?
9
What is the hundreds digit of 852?
8
What is the units digit of 73207?
7
What is the tens digit of 3718?
1
What is the thousands digit of 17769?
7
What is the tens digit of 598?
9
What is the units digit of 798?
8
What is the units digit of 1?
1
What is the hundreds digit of 174?
1
What is the units digit of 3500?
0
What is the hundreds digit of 49250?
2
What is the tens digit of 1106?
0
What is the hundreds digit of 1597?
5
What is the thousands digit of 25796?
5
What is the ten thousands digit of 19355?
1
What is the hundreds digit of 3194?
1
What is the units digit of 1442?
2
What is the tens digit of 5377?
7
What is the units digit of 104?
4
What is the tens digit of 23861?
6
What is the units digit of 2186?
6
What is the hundreds digit of 555?
5
What is the units digit of 26103?
3
What is the units digit of 3662?
2
What is the hundreds digit of 385?
3
What is the hundreds digit of 11704?
7
What is the units digit of 378?
8
What is the hundreds digit of 840?
8
What is the tens digit of 364?
6
What is the tens digit of 97283?
8
What is the units digit of 65769?
9
What is the tens digit of 5727?
2
What is the thousands digit of 4307?
4
What is the tens digit of 455?
5
What is the hundreds digit of 1015?
0
What is the units digit of 4?
4
What is the ten thousands digit of 40050?
4
What is the units digit of 124?
4
What is the tens digit of 1795?
9
What is the units digit of 2089?
9
What is the thousands digit of 65900?
5
What is the units digit of 31892?
2
What is the hundreds digit of 30268?
2
What is the tens digit of 22471?
7
What is the thousands digit of 2400?
2
What is the hundreds digit of 6474?
4
What is the tens digit of 184?
8
What is the tens digit of 16050?
5
What is the hundreds digit of 189?
1
What is the hundreds digit of 468?
4
What is the units digit of 10088?
8
What is the thousands digit of 8148?
8
What is the tens digit of 4698?
9
What is the units digit of 212?
2
What is the hundreds digit of 18667?
6
What is the ten thousands digit of 23658?
2
What is the thousands digit of 10052?
0
What is the ten thousands digit of 27345?
2
What is the units digit of 45493?
3
What is the tens digit of 12297?
9
What is the hundreds digit of 4545?
5
What is the tens digit of 144920?
2
What is the thousands digit of 3407?
3
What is the ten thousands digit of 62674?
6
What is the tens digit of 492?
9
What is the hundreds digit of 1740?
7
What is the tens digit of 1086?
8
What is the thousands digit of 95555?
5
What is the units digit of 3373?
3
What is the hundreds digit of 1140?
1
What is the hundreds digit of 28208?
2
What is the thousands digit of 4008?
4
What is the thousands digit of 2387?
2
What is the tens digit of 13548?
4
What is the thousands digit of 32846?
2
What is the units digit of 3729?
9
What is the units digit of 13209?
9
What is the units digit of 128?
8
What is the units digit of 3197?
7
What is the ten thousands digit of 14144?
1
What is the units digit of 9945?
5
What is the units digit of 7043?
3
What is the tens digit of 1331?
3
What is the units digit of 40472?
2
What is the tens digit of 35108?
0
What is the tens digit of 538?
3
What is the hundreds digit of 1594?
5
What is the units digit of 33941?
1
What is the hundreds digit of 2030?
0
What is the units digit of 126664?
4
What is the thousands digit of 11150?
1
What is the thousands digit of 2194?
2
What is the hundreds digit of 1581?
5
What is the ten thousands digit of 12748?
1
What is the units digit of 17480?
0
What is the units digit of 11510?
0
What is the tens digit of 269?
6
What is the tens digit of 2629?
2
What is the hundreds digit of 334?
3
What is the units digit of 346?
6
What is the hundreds digit of 767?
7
What is the tens digit of 346?
4
What is the units digit of 136?
6
What is the ten thousands digit of 11507?
1
What is the units digit of 46091?
1
What is the units digit of 291?
1
What is the tens digit of 1333?
3
What is the tens digit of 28548?
4
What is the ten thousands digit of 98859?
9
What is the units digit of 105581?
1
What is the units digit of 59?
9
What is the tens digit of 1004?
0
What is the tens digit of 5031?
3
What is the thousands digit of 1942?
1
What is the thousands digit of 1381?
1
What is the tens digit of 104418?
1
What is the hundreds digit of 38393?
3
What is the units digit of 4228?
8
What is the hundreds digit of 3770?
7
What is the units digit of 73816?
6
What is the hundreds digit of 9690?
6
What is the hundreds digit of 193367?
3
What is the hundreds digit of 3743?
7
What is the units digit of 46859?
9
What is the units digit of 11834?
4
What is the thousands digit of 1046?
1
What is the tens digit of 30709?
0
What is the tens digit of 18952?
5
What is the thousands digit of 17411?
7
What is the tens digit of 3480?
8
What is the ten thousands digit of 78951?
7
What is the thousands digit of 83978?
3
What is the units digit of 3268?
8
What is the tens digit of 1267?
6
What is the hundreds digit of 28592?
5
What is the tens digit of 957?
5
What is the hundreds digit of 72359?
3
What is the tens digit of 906?
0
What is the thousands digit of 1304?
1
What is the thousands digit of 14383?
4
What is the hundreds digit of 